
876519223
What are the prime factors of 33180042?
2, 3, 7, 19, 41579
List the prime factors of 154008414.
2, 3, 7, 19, 23, 2797
List the prime factors of 279022323.
3, 93007441
What are the prime factors of 70265459?
11, 389, 16421
What are the prime factors of 2183671537?
43, 4597, 11047
List the prime factors of 272721160.
2, 5, 853, 7993
What are the prime factors of 2147501267?
2473, 868379
What are the prime factors of 912482567?
37, 24661691
List the prime factors of 4330515043.
17, 53, 569, 8447
What are the prime factors of 214460915?
5, 149, 287867
What are the prime factors of 2591162168?
2, 7, 17, 173, 15733
What are the prime factors of 2507549094?
2, 3, 41, 3397763
List the prime factors of 159808333.
67, 2385199
What are the prime factors of 682924586?
2, 341462293
List the prime factors of 280624866.
2, 3, 383, 122117
What are the prime factors of 4031140095?
3, 5, 29860297
List the prime factors of 5868382311.
3, 11, 23, 859081
List the prime factors of 1045969600.
2, 5, 13, 50287
List the prime factors of 2320583827.
17, 23, 1051, 5647
What are the prime factors of 381688420?
2, 5, 17, 941, 1193
What are the prime factors of 124498155?
3, 5, 37, 101, 2221
List the prime factors of 2516816957.
5573, 451609
What are the prime factors of 765032695?
5, 7, 97, 225341
What are the prime factors of 8908150809?
3, 113, 26277731
List the prime factors of 22965205.
5, 19, 241739
List the prime factors of 99483368.
2, 12435421
List the prime factors of 8030995.
5, 7, 269, 853
List the prime factors of 21798356.
2, 227, 24007
What are the prime factors of 105300434?
2, 52650217
What are the prime factors of 2377989?
3, 264221
What are the prime factors of 1241138143?
7, 29, 6113981
List the prime factors of 38828372.
2, 11, 59, 14957
What are the prime factors of 441489546?
2, 3, 73, 337, 997
List the prime factors of 31835647.
31835647
What are the prime factors of 21237684?
2, 3, 13, 136139
List the prime factors of 63197041.
17, 53, 70141
List the prime factors of 447607361.
447607361
List the prime factors of 778872593.
778872593
What are the prime factors of 50429739?
3, 16809913
What are the prime factors of 6648929016?
2, 3, 277038709
List the prime factors of 137343948.
2, 3, 7, 23, 71089
What are the prime factors of 2438992698?
2, 3, 331, 769, 1597
List the prime factors of 3313991019.
3, 1104663673
What are the prime factors of 1023993046?
2, 73, 967, 7253
List the prime factors of 70470973.
53, 367, 3623
What are the prime factors of 31264916?
2, 491, 15919
List the prime factors of 111004827.
3, 1201, 30809
What are the prime factors of 37826136?
2, 3, 37, 4733
List the prime factors of 55263754.
2, 7, 13, 303647
List the prime factors of 1114214865.
3, 5, 31, 283, 8467
What are the prime factors of 47246115?
3, 5, 7, 449963
List the prime factors of 291541097.
2063, 141319
List the prime factors of 112987903.
7, 89, 181361
List the prime factors of 91853490.
2, 3, 5, 23, 133121
List the prime factors of 57600930.
2, 3, 5, 17, 53, 2131
List the prime factors of 3315678176.
2, 223, 229, 2029
List the prime factors of 1628167.
19, 67, 1279
List the prime factors of 79890671.
7, 149, 76597
What are the prime factors of 181758241?
7, 797, 32579
List the prime factors of 89116491.
3, 59, 503483
List the prime factors of 231496346.
2, 37, 3128329
List the prime factors of 699194124.
2, 3, 19422059
List the prime factors of 6069471.
3, 2023157
What are the prime factors of 18043792?
2, 13, 6673
What are the prime factors of 457128403?
739, 618577
List the prime factors of 934168747.
934168747
List the prime factors of 2388813966.
2, 3, 7, 11, 1117, 1543
What are the prime factors of 5371702259?
7, 11, 59, 1182413
List the prime factors of 178692420.
2, 3, 5, 89, 109, 307
What are the prime factors of 3322797221?
907, 3663503
What are the prime factors of 356923569?
3, 19, 6261817
List the prime factors of 59024247.
3, 1733, 11353
What are the prime factors of 118521260?
2, 5, 11, 13, 29, 1429
List the prime factors of 83658559.
3067, 27277
What are the prime factors of 15155457?
3, 73, 69203
What are the prime factors of 2117145?
3, 5, 29, 31, 157
What are the prime factors of 274480716?
2, 3, 1069, 21397
List the prime factors of 3717778596.
2, 3, 7, 307, 144167
What are the prime factors of 285176102?
2, 1153, 123667
List the prime factors of 803114034.
2, 3, 17, 907, 8681
List the prime factors of 24057987.
3, 107, 149, 503
What are the prime factors of 26608308?
2, 3, 2217359
What are the prime factors of 511144104?
2, 3, 811, 26261
List the prime factors of 2479040799.
3, 73, 89, 127189
List the prime factors of 184032862.
2, 13, 43, 97, 1697
What are the prime factors of 4156561813?
397, 557, 18797
List the prime factors of 1233562960.
2, 5, 7, 2202791
What are the prime factors of 788067777?
3, 7, 73, 439, 1171
List the prime factors of 95383477.
7, 19, 127, 5647
What are the prime factors of 61495240?
2, 5, 877, 1753
What are the prime factors of 599294638?
2, 53, 5653723
List the prime factors of 131931838.
2, 823, 80153
List the prime factors of 3089272607.
43, 71843549
What are the prime factors of 219722444?
2, 29, 41, 46199
List the prime factors of 193055068.
2, 48263767
List the prime factors of 2303050523.
5023, 458501
What are the prime factors of 4474059578?
2, 2237029789
What are the prime factors of 404228429?
11, 36748039
List the prime factors of 68845462.
2, 7, 4917533
List the prime factors of 2999824561.
1889, 1588049
List the prime factors of 286896029.
7, 17, 19, 18127
List the prime factors of 3458536951.
3458536951
List the prime factors of 2561442926.
2, 7, 182960209
List the prime factors of 59195936.
2, 47, 39359
List the prime factors of 3862506649.
3862506649
What are the prime factors of 14100694?
2, 233, 30259
What are the prime factors of 125910959?
17, 41, 180647
List the prime factors of 259983146.
2, 59, 1031, 2137
List the prime factors of 43694613.
3, 1618319
What are the prime factors of 713118275?
5, 3463, 8237
List the prime factors of 443575707.
3, 47, 3145927
What are the prime factors of 675862611?
3, 107, 331, 6361
What are the prime factors of 19316883?
3, 6438961
List the prime factors of 433496020.
2, 5, 19, 60041
List the prime factors of 26386751.
26386751
What are the prime factors of 6762045?
3, 5, 450803
List the prime factors of 65362612.
2, 7, 1289, 1811
What are the prime factors of 45498647?
17, 107, 25013
What are the prime factors of 123028748?
2, 23, 1337269
What are the prime factors of 164758481?
19, 8671499
What are the prime factors of 4807288991?
41, 117250951
What are the prime factors of 273299561?
773, 353557
What are the prime factors of 36940996?
2, 389, 23741
List the prime factors of 222410946.
2, 3, 37068491
What are the prime factors of 5926689095?
5, 19, 6301, 9901
List the prime factors of 2598286786.
2, 911, 1426063
List the prime factors of 1326242540.
2, 5, 7, 9473161
List the prime factors of 303741160.
2, 5, 7593529
List the prime factors of 36738269.
619, 59351
What are the prime factors of 1915026450?
2, 3, 5, 109, 117127
What are the prime factors of 1070672860?
2, 5, 53533643
What are the prime factors of 205162131?
3, 79, 503, 1721
What are the prime factors of 66817999?
5101, 13099
List the prime factors of 58682033.
1129, 51977
What are the prime factors of 110378330?
2, 5, 53, 208261
What are the prime factors of 85395449?
85395449
List the prime factors of 522950566.
2, 17, 19, 809521
What are the prime factors of 1903487150?
2, 5, 2351, 16193
List the prime factors of 9440712.
2, 3, 17, 857
List the prime factors of 196218170.
2, 5, 19621817
What are the prime factors of 952266537?
3, 11756377
List the prime factors of 138733644.
2, 3, 7, 1651591
List the prime factors of 32958196.
2, 179, 191, 241
List the prime factors of 29421378.
2, 3, 7, 239, 977
List the prime factors of 7026851839.
7, 1801, 557377
What are the prime factors of 584089986?
2, 3, 29, 839, 4001
List the prime factors of 149073640.
2, 5, 3726841
What are the prime factors of 1973016486?
2, 3, 7, 15658861
What are the prime factors of 866253911?
991, 874121
What are the prime factors of 2925057426?
2, 3, 239, 2039789
What are the prime factors of 9441872?
2, 11, 487